{"id":144,"date":"2022-09-01T19:50:26","date_gmt":"2022-09-01T17:50:26","guid":{"rendered":"https:\/\/construccionesbalado.com\/?page_id=144"},"modified":"2022-09-01T19:50:26","modified_gmt":"2022-09-01T17:50:26","slug":"soleras-y-pavimentacion","status":"publish","type":"page","link":"https:\/\/construccionesbalado.infoter.es\/?page_id=144","title":{"rendered":"Soleras y pavimentaci\u00f3n"},"content":{"rendered":"\n<p><\/p>\n\n\n\n<figure class=\"wp-block-image size-large has-custom-border\"><img loading=\"lazy\" decoding=\"async\" width=\"1344\" height=\"757\" src=\"https:\/\/construccionesbalado.infoter.es\/wp-content\/uploads\/2022\/09\/img-20220721-wa0029-edited.jpg\" alt=\"\" class=\"wp-image-163\" style=\"border-width:2px;border-radius:5px\" srcset=\"https:\/\/construccionesbalado.infoter.es\/wp-content\/uploads\/2022\/09\/img-20220721-wa0029-edited.jpg 1344w, https:\/\/construccionesbalado.infoter.es\/wp-content\/uploads\/2022\/09\/img-20220721-wa0029-edited-300x169.jpg 300w, https:\/\/construccionesbalado.infoter.es\/wp-content\/uploads\/2022\/09\/img-20220721-wa0029-edited-1024x577.jpg 1024w, https:\/\/construccionesbalado.infoter.es\/wp-content\/uploads\/2022\/09\/img-20220721-wa0029-edited-768x433.jpg 768w\" sizes=\"auto, (max-width: 1344px) 100vw, 1344px\" \/><figcaption class=\"wp-element-caption\">Pavimentaci\u00f3n de superficie<\/figcaption><\/figure>\n\n\n\n<p><\/p>\n\n\n\n<figure class=\"wp-block-image size-large has-custom-border\"><img loading=\"lazy\" decoding=\"async\" width=\"1344\" height=\"757\" src=\"https:\/\/construccionesbalado.infoter.es\/wp-content\/uploads\/2022\/09\/img-20220721-wa0030-edited.jpg\" alt=\"\" class=\"wp-image-162\" style=\"border-width:2px;border-radius:5px\" srcset=\"https:\/\/construccionesbalado.infoter.es\/wp-content\/uploads\/2022\/09\/img-20220721-wa0030-edited.jpg 1344w, https:\/\/construccionesbalado.infoter.es\/wp-content\/uploads\/2022\/09\/img-20220721-wa0030-edited-300x169.jpg 300w, https:\/\/construccionesbalado.infoter.es\/wp-content\/uploads\/2022\/09\/img-20220721-wa0030-edited-1024x577.jpg 1024w, https:\/\/construccionesbalado.infoter.es\/wp-content\/uploads\/2022\/09\/img-20220721-wa0030-edited-768x433.jpg 768w\" sizes=\"auto, (max-width: 1344px) 100vw, 1344px\" \/><figcaption class=\"wp-element-caption\">Preparaci\u00f3n de solar<\/figcaption><\/figure>\n\n\n\n<figure class=\"wp-block-image size-large has-custom-border\"><img loading=\"lazy\" decoding=\"async\" width=\"1344\" height=\"757\" src=\"https:\/\/construccionesbalado.infoter.es\/wp-content\/uploads\/2022\/09\/img-20220721-wa0031-edited.jpg\" alt=\"\" class=\"wp-image-161\" style=\"border-width:2px;border-radius:5px\" srcset=\"https:\/\/construccionesbalado.infoter.es\/wp-content\/uploads\/2022\/09\/img-20220721-wa0031-edited.jpg 1344w, https:\/\/construccionesbalado.infoter.es\/wp-content\/uploads\/2022\/09\/img-20220721-wa0031-edited-300x169.jpg 300w, https:\/\/construccionesbalado.infoter.es\/wp-content\/uploads\/2022\/09\/img-20220721-wa0031-edited-1024x577.jpg 1024w, https:\/\/construccionesbalado.infoter.es\/wp-content\/uploads\/2022\/09\/img-20220721-wa0031-edited-768x433.jpg 768w\" sizes=\"auto, (max-width: 1344px) 100vw, 1344px\" \/><figcaption class=\"wp-element-caption\">Preparaci\u00f3n de solera<\/figcaption><\/figure>\n\n\n\n<p><\/p>\n\n\n\n<figure class=\"wp-block-image size-large has-custom-border\"><img loading=\"lazy\" decoding=\"async\" width=\"1344\" height=\"757\" src=\"https:\/\/construccionesbalado.infoter.es\/wp-content\/uploads\/2022\/09\/img-20220721-wa0028-1-edited.jpg\" alt=\"\" class=\"wp-image-159\" style=\"border-width:2px;border-radius:5px\" srcset=\"https:\/\/construccionesbalado.infoter.es\/wp-content\/uploads\/2022\/09\/img-20220721-wa0028-1-edited.jpg 1344w, https:\/\/construccionesbalado.infoter.es\/wp-content\/uploads\/2022\/09\/img-20220721-wa0028-1-edited-300x169.jpg 300w, https:\/\/construccionesbalado.infoter.es\/wp-content\/uploads\/2022\/09\/img-20220721-wa0028-1-edited-1024x577.jpg 1024w, https:\/\/construccionesbalado.infoter.es\/wp-content\/uploads\/2022\/09\/img-20220721-wa0028-1-edited-768x433.jpg 768w\" sizes=\"auto, (max-width: 1344px) 100vw, 1344px\" \/><figcaption class=\"wp-element-caption\">Construcci\u00f3n de solera<\/figcaption><\/figure>\n\n\n\n<p><\/p>\n\n\n\n<figure class=\"wp-block-image size-large\"><img decoding=\"async\" src=\"https:\/\/construccionesbalado.infoter.es\/wp-content\/uploads\/2023\/04\/photo_5856949582347484843_y-1-1024x473.jpg\" alt=\"\" class=\"wp-image-482\"\/><\/figure>\n\n\n\n<p class=\"has-text-align-center\">Construcci\u00f3n de solera<\/p>\n\n\n\n<p><\/p>\n\n\n\n<figure class=\"wp-block-image size-large\"><img decoding=\"async\" src=\"https:\/\/construccionesbalado.infoter.es\/wp-content\/uploads\/2023\/04\/photo_5856949582347484841_y-1024x473.jpg\" alt=\"\" class=\"wp-image-483\"\/><\/figure>\n\n\n\n<p class=\"has-text-align-center\">Construcci\u00f3n de solera<\/p>\n\n\n\n<p><\/p>\n\n\n\n<p class=\"has-text-align-center\"><strong>Pavimentaci\u00f3n<\/strong>:<\/p>\n\n\n\n<figure class=\"wp-block-image size-large\"><img decoding=\"async\" src=\"https:\/\/construccionesbalado.infoter.es\/wp-content\/uploads\/2023\/04\/photo_5856949582347484830_y-1024x473.jpg\" alt=\"\" class=\"wp-image-489\"\/><\/figure>\n\n\n\n<figure class=\"wp-block-image size-large\"><img decoding=\"async\" src=\"https:\/\/construccionesbalado.infoter.es\/wp-content\/uploads\/2023\/04\/photo_5856949582347484837_y-1-1024x473.jpg\" alt=\"\" class=\"wp-image-487\"\/><\/figure>\n\n\n\n<figure class=\"wp-block-image size-large\"><img decoding=\"async\" src=\"https:\/\/construccionesbalado.infoter.es\/wp-content\/uploads\/2023\/04\/photo_5856949582347484839_y-1024x473.jpg\" alt=\"\" class=\"wp-image-486\"\/><\/figure>\n\n\n\n<figure class=\"wp-block-image size-large\"><img decoding=\"async\" src=\"https:\/\/construccionesbalado.infoter.es\/wp-content\/uploads\/2023\/04\/photo_5856949582347484840_y-1-1024x473.jpg\" alt=\"\" class=\"wp-image-484\"\/><\/figure>\n","protected":false},"excerpt":{"rendered":"<p>Construcci\u00f3n de solera Construcci\u00f3n de solera Pavimentaci\u00f3n:<\/p>\n","protected":false},"author":3,"featured_media":0,"parent":0,"menu_order":0,"comment_status":"closed","ping_status":"closed","template":"","meta":{"footnotes":""},"class_list":["post-144","page","type-page","status-publish","hentry"],"_links":{"self":[{"href":"https:\/\/construccionesbalado.infoter.es\/index.php?rest_route=\/wp\/v2\/pages\/144","targetHints":{"allow":["GET"]}}],"collection":[{"href":"https:\/\/construccionesbalado.infoter.es\/index.php?rest_route=\/wp\/v2\/pages"}],"about":[{"href":"https:\/\/construccionesbalado.infoter.es\/index.php?rest_route=\/wp\/v2\/types\/page"}],"author":[{"embeddable":true,"href":"https:\/\/construccionesbalado.infoter.es\/index.php?rest_route=\/wp\/v2\/users\/3"}],"replies":[{"embeddable":true,"href":"https:\/\/construccionesbalado.infoter.es\/index.php?rest_route=%2Fwp%2Fv2%2Fcomments&post=144"}],"version-history":[{"count":0,"href":"https:\/\/construccionesbalado.infoter.es\/index.php?rest_route=\/wp\/v2\/pages\/144\/revisions"}],"wp:attachment":[{"href":"https:\/\/construccionesbalado.infoter.es\/index.php?rest_route=%2Fwp%2Fv2%2Fmedia&parent=144"}],"curies":[{"name":"wp","href":"https:\/\/api.w.org\/{rel}","templated":true}]}}